12 and x?
6
Suppose y + 0*y + 67 = 2*c, 3*y + 191 = 4*c. Let r = -37 - y. What is the highest common factor of r and 30?
10
Let u = 2 + -1. Let o be (-2)/3 - 24/(-9). Suppose c - 23 = -5*i - 0*i, -2*i + 6 = o*c. What is the highest common factor of u and i?
1
Let k be (-1*1)/((-2)/(-6)). Let x(y) = 3*y**2 + 1. Let d be x(2). Let c = d - k. Calculate the greatest common divisor of c and 24.
8
Suppose 0 = -3*m + 5*i - 6*i + 26, 3*i = -3. Calculate the greatest common factor of m and 27.
9
Suppose 2*g + 0*v = -4*v, 5*g - 7 = -3*v. Let l be (31 - (g + -1)) + 2. Suppose -c + 0 + 2 = -j, 2*c - 2 = 3*j. What is the greatest common factor of l and c?
4
Let p = 16 + 4. Calculate the greatest common divisor of p and 20.
20
Let j = 110 - 29. Let r be 184/6*(-6)/4. Let d = j + r. Calculate the greatest common divisor of d and 7.
7
Let g(x) = -4*x**2 + 9*x**2 + 0*x**3 - x**3 - 5 - 3*x + 7*x. Let v be g(5). Let s(y) = 37*y + 1. Let n be s(2). Calculate the highest common divisor of v and n.
15
Let v(m) = m**3 - 7*m**2 + 9*m - 3. Let y be v(6). Calculate the highest common divisor of y and 60.
15
Suppose 0 = -2*k + 14 + 10. Suppose -5*b + 180 = -5*m, 4*b - 38 = m + 106. Calculate the greatest common divisor of k and b.
12
Let a = 33 + 12. Suppose 3*m + 7 = 34. What is the greatest common factor of m and a?
9
Suppose 0 = 4*c + 4*a - 64, -2*c + 30 + 2 = -a. Let r be (-6)/((-58)/(-32) + -2). Calculate the greatest common divisor of c and r.
16
Let h be 40/3 + 5/(-15). Calculate the highest common divisor of 52 and h.
13
Suppose -4*s = -2*s - 396. What is the greatest common divisor of 22 and s?
22
Let a be (-34)/(-2) + 6/6. Suppose -r + 2 + a = 0. Calculate the highest common divisor of 30 and r.
10
Suppose 5*d = -6*d + 198. What is the greatest common factor of 6 and d?
6
Let i = -44 + 66. What is the highest common factor of 242 and i?
22
Suppose 120 = -x + 2*x. What is the greatest common divisor of 15 and x?
15
Let f(l) be the second derivative of -7*l**3/6 - 5*l**2/2 + 6*l. Let r be f(-7). What is the greatest common divisor of r and 22?
22
Suppose 3*f - 29 = 25. Let s be 4380/27 + 6/(-27). Calculate the greatest common divisor of s and f.
18
Suppose 5*z + 5 = 15. Suppose 5*m = -z*i + 28, -i - 2*i = -3*m. Suppose 0 = p + 2, i*p + 5 = 4*t - 35. Calculate the greatest common divisor of t and 32.
8
Let b = -80 - -129. Calculate the highest common divisor of b and 7.
7
Let h = 42 + -21. Suppose -5*z + h = -9. Calculate the greatest common divisor of 15 and z.
3
Suppose 0 = -u - 5*x + 36, 3*u - 3*x = x + 32. What is the highest common factor of 32 and u?
16
Suppose -144 = -6*o - 3*o. What is the greatest common divisor of o and 2?
2
Let y(m) = m + 6. Let b be y(6). Let d be 87/b + (-3)/12. Let t(z) = 2*z - 10. Let k be t(d). What is the greatest common divisor of k and 12?
4
Let l = 14 + -3. Let r be (0 + -22)/(1/(-2)). What is the greatest common divisor of r and l?
11
Let q(g) = g - 6. Let i be (-36)/(-10)*(-25)/(-10). Let n be q(i). What is the greatest common factor of 24 and n?
3
Suppose -4*u + 18 = -u. Let q be (2 - 4)*u/(-4). Calculate the highest common divisor of q and 3.
3
Suppose -3*f + 222 = -0*f. Suppose 5*a - f = 16. Suppose -3*q - q = -4*u - 120, q + 5*u - 12 = 0. Calculate the greatest common factor of q and a.
9
Let i = -39 - -65. Calculate the greatest common divisor of i and 104.
26
Suppose -3*m = -f - 13, 3*m - 5 = 5*f - 0. Let w = 25 - 0. Calculate the highest common divisor of w and m.
5
Suppose 2*o + 4*a - 166 = 2*a, o - 2*a - 74 = 0. Calculate the highest common factor of 16 and o.
16
Let u be (2 + -2 + 11)*3. Let t be (12/6)/(4/(-14)). Let r(m) = -m**3 - 7*m**2 + m + 10. Let z be r(t). Calculate the highest common divisor of u and z.
3
Let p be (6/4 - 0)*6. Suppose 5*x - 2*h = -50 + 396, -3*x = -2*h - 210. Let f = x - 23. What is the highest common factor of f and p?
9
Let n be 10*(3/(-5) - -1). Let h(i) = -i**3 + 5*i**2 - 2*i - 3. Let p be h(n). Calculate the highest common divisor of 20 and p.
5
Suppose 65*q - 120 = 60*q. What is the greatest common divisor of q and 18?
6
Suppose o = -o + 50. Calculate the highest common divisor of 200 and o.
25
Let a be (-10)/25 + (-34)/(-10). Let j = -1 - -4. Let o = a + j. What is the greatest common divisor of 6 and o?
6
Suppose -3*b - 4*w + 29 = 0, -4*b + 2*w = 4*w - 32. Let t(y) = y - 1. Let q be t(5). Let o = 11 - q. Calculate the greatest common divisor of b and o.
7
Let v = 44 + 28. What is the highest common divisor of v and 18?
18
Suppose 16 = 3*v - 2*v. Suppose -4*a - 4 = -8. Suppose f - 5 = -a. What is the highest common factor of f and v?
4
Suppose 4*a - 3*h - 70 = -5, -h = 4*a - 85. Let b = -6 + a. What is the highest common factor of 2 and b?
2
Let k(s) = 7*s**2 + s + 2. Let g be k(-2). What is the greatest common divisor of g and 56?
28
Let p(b) = 56*b + 2. Let i be p(2). What is the highest common divisor of i and 76?
38
Let s = 6 + -5. Suppose -s = -l - 5. Let y be (-446)/l + 1/2. Calculate the greatest common divisor of 16 and y.
16
Let c be (-3)/(6/10)*42/(-5). Calculate the greatest common factor of 42 and c.
42
Let x(t) = 2*t - 8. Let o be x(8). Suppose m + a = o, 4*m + 3*a + 2*a = 31. Let b = m + -4. Calculate the greatest common factor of b and 10.
5
Let q(t) = 2*t**3 - 3*t**2 + 3*t - 2. Let c be q(2). What is the greatest common divisor of 1 and c?
1
Let w = -14 - -24. Calculate the greatest common divisor of w and 90.
10
Let k = 7 + -5. Suppose 4*a + 22 - k = 0. Let x be (1 + a)*(-35)/20. What is the highest common divisor of 14 and x?
7
Let d = -615 + 881. Suppose 4*u - 5*c = d, -2*u + u = 4*c - 77. Calculate the greatest common factor of u and 23.
23
Let o = -17 - -129. Let s be (-1)/(1/2) - 2. Let m = s - -20. Calculate the greatest common factor of m and o.
16
Let u = 91 + -41. Calculate the highest common factor of u and 10.
10
Suppose -3*c - 4*n = -48, -4*c + 87 + 8 = -5*n. Calculate the greatest common divisor of 4 and c.
4
Suppose r + h = 1, -r - 2*h + 2 = 3*r. Suppose -2*z + 18 = -r*z. Calculate the greatest common divisor of 9 and z.
9
Let y(h) = 2*h**2 + 24*h - 18. Let t be y(-13). Calculate the highest common factor of 24 and t.
8
Suppose 3*y - 80 = 19. Let n be (1 - 2)*(-1 + -2). Calculate the highest common factor of n and y.
3
Let w be (35/(-10) - -3)*(0 - 36). What is the greatest common divisor of w and 126?
18
Suppose g + 1 = -3*c, -g + 2 = 4*c + 7. Let m = g + -8. Let x be 18 + m + -2 + 1. What is the highest common divisor of 10 and x?
10
Let h = -20 - -22. What is the highest common factor of 5 and h?
1
Let t = 58 + -33. Suppose 2*v = -o - 2 - t, -5*o - 5*v = 140. Let p = -18 - o. What is the highest common factor of p and 33?
11
Suppose -4 + 3 = -p. Let j be (1*-4)/(p/(-11)). What is the highest common factor of j and 4?
4
Suppose 0 = -5*a + 4*y + 8, 2*y = a - 0*y + 2. What is the greatest common factor of a and 36?
4
Let a(y) = y**2 - 5*y - 4. Let f be a(8). Let x(l) = -l**3 - 7*l**2 + 7*l + 1. Let q be x(-9). Calculate the greatest common divisor of q and f.
20
Suppose -4*o - 4 = 0, 0*l = l - o - 101. Calculate the greatest common divisor of 25 and l.
25
Let x = 30 - 20. Let u(d) = -d**3 + d**2 - d + 4. Let k be u(0). Suppose k*n - x - 26 = 0. What is the greatest common divisor of 3 and n?
3
Let u be ((-88)/(-8))/(1/11). What is the highest common divisor of 11 and u?
11
Suppose l + 115 = -n + 6*n, 5*n + 5*l = 85. What is the highest common factor of 33 and n?
11
Let z = -5 - 1. Let p(j) = -2*j. Let c be p(z). Calculate the highest common divisor of 108 and c.
12
Let u be (855/(-6))/(-1) + 5/10. Let x(z) = z**2 + z + 1. Let j be x(-4). What is the highest common divisor of u and j?
13
Suppose 2 = g - 3. Suppose a + 16 = 3*a. Suppose -t - 4*t + a = -2*k, -3*t = -5*k - 1. Calculate the highest common factor of k and g.
1
Let p(s) be the third derivative of -13*s**4/24 - s**3/6 + 6*s**2. Let i be p(-1). What is the greatest common divisor of i and 8?
4
Suppose 2*m = 5*p + 25, 3*m + 7 = 2*m - 4*p. What is the greatest common factor of m and 5?
5
Let u(l) = -2*l**3 - 5*l**2 - 2*l - 1. Suppose -h = -2*a + 3, -2*h + 3 = -3*h - 2*a. Let t be u(h). What is the greatest common divisor of t and 14?
14
Let p be 51/12 - (-15)/20. Let o be p/(-1)*27/(-15). Ca